02
-738021 (base 10) to base 14
-152d5b
What is 445153 (base 8) in base 15?
2e733
What is -11000204000 (base 5) in base 11?
-66895a6
What is 552416 (base 7) in base 9?
156865
Convert -9809a22 (base 11) to base 4.
-1001302113212
Convert -c46c1 (base 13) to base 3.
-122220210122
What is -1330103 (base 5) in base 9?
-40812
What is -12221001220121 (base 3) in base 8?
-14011521
What is 203615614 (base 7) in base 6?
1104535044
What is -1110330212 (base 4) in base 9?
-580252
What is 434045115 (base 6) in base 13?
17b5119
Convert 423060 (base 11) to base 9.
1242367
Convert -8486 (base 12) to base 4.
-3202212
What is -4661042 (base 7) in base 6?
-20321545
-2b0171 (base 12) to base 10
-725989
Convert -8955 (base 12) to base 14.
-5769
-44754 (base 14) to base 9
-272740
Convert -1020212133 (base 4) to base 14.
-7a531
What is -189a538 (base 11) in base 4?
-30032220332
-343331012 (base 5) to base 7
-16053320
What is da7d (base 16) in base 9?
84647
What is -116133 (base 10) in base 3?
-12220022020
What is -1614621 (base 8) in base 13?
-133a31
-2556504 (base 10) to base 2
-1001110000001001011000
What is 12221010 (base 3) in base 2?
1000011100011
What is -534443 (base 6) in base 8?
-125433
103021332120 (base 4) to base 2
10011001001111110011000
What is 100100101011110000 (base 2) in base 7?
1164031
Convert -100001011100100010000 (base 2) to base 8.
-4134420
-30203313 (base 4) to base 12
-25933
What is -136016 (base 12) in base 6?
-10520030
Convert -31144211 (base 5) to base 8.
-764265
Convert 12021023210 (base 4) to base 14.
2dcc96
-220011222 (base 4) to base 3
-22100020120
Convert -4434212 (base 5) to base 3.
-10221012212
-20011011100211 (base 3) to base 5
-1314124214
343203 (base 7) to base 8
167343
What is -22440560 (base 7) in base 3?
-10200112221012
What is -1b4b6d (base 14) in base 2?
-11101101101100111101
-6ac41 (base 13) to base 16
-2fb59
What is -11413 (base 6) in base 5?
-23130
Convert -15156076 (base 9) to base 5.
-3412131341
What is 7a276 (base 11) in base 14?
30466
Convert 110011010100111110110 (base 2) to base 13.
46b719
Convert 464668b (base 12) to base 11.
7702221
Convert -1043443241 (base 5) to base 16.
-23858a
What is 1003550223 (base 6) in base 15?
d7adc6
1110110101010001111 (base 2) to base 6
14230051
3032134 (base 5) to base 10
49044
What is 15547712 (base 8) in base 5?
1404422023
Convert 80935 (base 11) to base 15.
2508a
What is 235210501 (base 7) in base 16?
df27e1
What is 10001312122 (base 4) in base 3?
1222122202211
Convert 11122212000212 (base 3) to base 14.
486a85
61301033 (base 7) to base 12
1864bbb
What is 16743224 (base 8) in base 2?
1110111100011010010100
131102301 (base 4) to base 9
202526
What is 1765571 (base 8) in base 11?
324a59
30aa9 (base 16) to base 4
300222221
13b0152 (base 12) to base 16
3c6fce
Convert 11021110222 (base 3) to base 15.
19e25
Convert 1100000111000011011111 (base 2) to base 9.
5867678
27036482 (base 9) to base 5
11401413410
What is -457513 (base 10) in base 6?
-13450041
What is -4c609 (base 14) in base 3?
-100112120201
Convert 3177330 (base 8) to base 14.
18253a
-17c52 (base 15) to base 7
-440366
Convert 270b97 (base 13) to base 14.
1a82c0
Convert -313111 (base 11) to base 9.
-844448
Convert 70855c (base 14) to base 8.
16346006
Convert -465405 (base 8) to base 9.
-261336
What is -21441661 (base 7) in base 5?
-432422442
What is -154226 (base 10) in base 15?
-30a6b
What is 46634770 (base 8) in base 11?
581907a
Convert 101010110101001011 (base 2) to base 16.
2ad4b
What is 31552445 (base 6) in base 5?
214314204
What is -17db0 (base 15) in base 10?
-77340
Convert -a2041 (base 13) to base 6.
-10114505
Convert 465206 (base 7) to base 5.
10132303
What is -12a4e (base 15) in base 7?
-336023
-11111201 (base 5) to base 6
-2032112
5125 (base 11) to base 14
269d
Convert -6246011 (base 7) to base 15.
-ec888
Convert -2566022 (base 7) to base 4.
-1101333011
What is -110010101011111111000 (base 2) in base 12?
-681220
-2598d2 (base 14) to base 9
-2382243
What is -137a5d (base 15) in base 12?
-392451
What is -239ca (base 13) in base 11?
-45155
What is 18033 (base 15) in base 6?
1355333
87ab1 (base 13) to base 10
245701
What is 44dea6 (base 16) in base 15?
5e24b6
What is -111130021023 (base 4) in base 16?
-55c24b
Convert 5423336 (base 8) to base 5.
332423432
What is 440211 (base 5) in base 3?
202122122
What is 43021264 (base 8) in base 13?
1b97299
-22a622 (base 11) to base 8
-1311604
What is -12303032300 (base 4) in base 6?
-102113132
-567ba (base 14) to base 11
-133922
What is -20012222221000 (base 3) in base 11?
-1959402
Convert -203121141 (base 5) to base 8.
-3132237
What is -8d9d5 (base 15) in base 2?
-1101110001000011100
-76ca24 (base 14) to base 5
-2012431214
-163155 (base 15) to base 7
-12060620
What is 204020130 (base 5) in base 14?
17dd60
-acf21 (base 16) to base 13
-1ba582
What is -202022 (base 8) in base 9?
-111285
What is -25213151 (base 7) in base 3?
-11021110020012
-a29017 (base 11) to base 2
-110010011010001001101
What is -3443020040 (base 5) in base 16?
-76c078
Convert -3054606 (base 8) to base 9.
-1463187
-461344 (base 11) to base 5
-141440132
-145524025 (base 7) to base 11
-5550984
Convert 11101101001111010 (base 2) to base 12.
5a362
-7d40 (base 16) to base 12
-16680
-a299d3 (base 14) to base 15
-73432c
121606020 (base 7) to base 4
131013121002
Convert 43211115 (base 7) to base 10.
3683538
What is 152434345 (base 6) in base 13?
8845a6
-6257b (base 12) to base 11
-88759
Convert -2335364 (base 9) to base 13.
-353236
76040 (base 9) to base 6
1025013
-18b8c (base 13) to base 8
-135760
What is -25260302 (base 8) in base 13?
-120ba60
-31640244 (base 7) to base 14
-503794
-3262063 (base 7) to base 3
-202102000201
104430411 (base 7) to base 15
84998c
Convert 72402 (base 10) to base 12.
35a96
What is -110112111100 (base 3) in base 15?
-4d1ac
Convert 1c536 (base 16) to base 2.
11100010100110110
What is -390882 (base 10) in base 2?
-1011111011011100010
84b0 (base 15) to base 12
142a9
What is -400100303 (base 5) in base 14?
-2ca83d
3231766 (base 8) to base 5
210142040
Convert -1011010101010101 (base 2) to base 11.
-31971
-31213201321 (base 4) to base 7
-42225352
Convert 90751 (base 12) to base 7.
1411132
Convert -31232131112 (base 4) to base 7.
-42404165
-2864669 (base 10) to base 5
-1213132134
What is -377699 (base 10) in base 8?
-1341543
What is -378302 (base 9) in base 4?
-313330133
Convert -323221110 (base 5) to base 15.
-1c4a20
What is 1111030 (base 5) in base 16?
4c3b
151be4 (base 16) to base 5
323232041
Convert 110383 (base 9) to base 5.
4102203
1582091 (base 12) to base 3
22021112010001
What is 2111212002001 (base 3) in base 6?
44343131
What is 12123013333 (base 4) in base 13?
46c63c
-132331312022 (base 4) to base 14
-1114478
What is -1122032001 (base 4) in base 2?
-1011010001110000001
676743 (base 8) to base 4
313313203
What is -71391 (base 12) in base 10?
-147421
Convert -3bc8e9 (base 16) to base 10.
-3918057
Convert -323433304 (base 5) to base 13.
-3987ac
-10200132 (base 5) to base 10
-84417
What is -12520504 (base 8) in base 9?
-5227327
-47a954 (base 15) to base 9
-6403857
Convert -bcac (base 13) to base 11.
-18873
Convert 1338526 (base 9) to base 5.
142001112
-26102 (base 13) to base 7
-412316
Convert 2244414 (base 5) to base 11.
28568
What is -1001200112022 (base 3) in base 15?
-b2472
Convert 12010022011 (base 3) to base 2.
11000100111010110
What is -100001001101 (base 2) in base 4?
-201031
What is -125353 (base 11) in base 15?
-3d759
What is 36142138 (base 9) in base 3?
1020011102011022
-3067de (base 15) to base 11
-1331164
Convert 233312143 (base 5) to base 13.
2b73bc
211022010010 (base 4) to base 9
20285461
Convert 120101202 (base 4) to base 5.
11140201
What is 721dac (base 15) in base 9?
11175370
What is 35207415 (base 8) in base 2?
11101010000111100001101
Convert -54244 (base 7) to base 2.
-11010011000011
-495aa (base 13) to base 3
-20212012002
1557856 (base 13) to base 4
122012220001
Convert -1981 (base 13) to base 3.
-12020121
What is 310ec0 (base 16) in base 4?
30100323000
What is 6957559 (base 10) in base 14?
cd17a7
Convert -10110101100010011010111 (base 2) to base 9.
-12165880
Convert 70417 (base 13) to base 4.
300332233
What is 57cc1 (base 15) in base 13?
9a381
What is -1026105 (base 7) in 